{"id":15,"date":"2022-06-13T13:25:39","date_gmt":"2022-06-13T13:25:39","guid":{"rendered":"https:\/\/blaeserensemble-marktoberdorf.de\/?page_id=15"},"modified":"2026-03-30T19:57:23","modified_gmt":"2026-03-30T19:57:23","slug":"termine","status":"publish","type":"page","link":"https:\/\/blaeserensemble-marktoberdorf.de\/?page_id=15","title":{"rendered":"Termine"},"content":{"rendered":"\n<h4 class=\"wp-block-heading\">Unsere n\u00e4chsten Auftritte<\/h4>\n\n\n\n<p><\/p>\n\n\n\n<hr class=\"wp-block-separator has-alpha-channel-opacity\"\/>\n\n\n\n<p><strong>Samstag,<\/strong> <strong>25.04.2026, St. Martin Marktoberdorf,\u00a019:00 Uhr<\/strong><\/p>\n\n\n\n<p>Benefizkonzert zugunsten dem <strong>Verein f\u00fcr ambulante Krankenpflege Marktoberdorf e.V.<\/strong> mit dem Vokalensemble Animato und der Organistin <strong>Birgit Br\u00fccklmayr<\/strong><\/p>\n\n\n\n<figure class=\"wp-block-gallery has-nested-images columns-default is-cropped wp-block-gallery-1 is-layout-flex wp-block-gallery-is-layout-flex\">\n<figure class=\"wp-block-image size-full\"><img loading=\"lazy\" decoding=\"async\" width=\"690\" height=\"972\" data-id=\"376\" src=\"https:\/\/blaeserensemble-marktoberdorf.de\/wp-content\/uploads\/2026\/03\/Screenshot-from-2026-03-23-21-22-24.png\" alt=\"\" class=\"wp-image-376\" srcset=\"https:\/\/blaeserensemble-marktoberdorf.de\/wp-content\/uploads\/2026\/03\/Screenshot-from-2026-03-23-21-22-24.png 690w, https:\/\/blaeserensemble-marktoberdorf.de\/wp-content\/uploads\/2026\/03\/Screenshot-from-2026-03-23-21-22-24-213x300.png 213w\" sizes=\"auto, (max-width: 690px) 100vw, 690px\" \/><\/figure>\n<\/figure>\n\n\n\n<p><\/p>\n\n\n\n<p><strong>Sonntag, 10.05.2026, Rathausplatz Marktoberdorf, 11:00 Uhr<\/strong><\/p>\n\n\n\n<p>Quintett auf dem Urbanimarkt<\/p>\n\n\n\n<p><\/p>\n\n\n\n<p><strong>Samstag, 20.06.2026, Burgruine Hohenfreyberg, 20:00 Uhr<\/strong><\/p>\n\n\n\n<p>Serenade zur Sommersonnenwende (gemeinsam mit den Oberminmdeltaler Alphornbl\u00e4sern)<\/p>\n\n\n\n<p><\/p>\n\n\n\n<p><strong>Mittwoch, 26.07.2026, Haus 28, Hattenhofen, 19:30 Uhr<\/strong><\/p>\n\n\n\n<p>Serenade auf dem Dorfplatz Hattenhofen<\/p>\n\n\n\n<p><\/p>\n","protected":false},"excerpt":{"rendered":"<p>Unsere n\u00e4chsten Auftritte Samstag, 25.04.2026, St. Martin Marktoberdorf,\u00a019:00 Uhr Benefizkonzert zugunsten dem Verein f\u00fcr ambulante Krankenpflege Marktoberdorf e.V. mit dem Vokalensemble Animato und der Organistin Birgit Br\u00fccklmayr Sonntag, 10.05.2026, Rathausplatz<\/p>\n<p class=\"more-link\"><a class=\"button\" href=\"https:\/\/blaeserensemble-marktoberdorf.de\/?page_id=15\" class=\"readmore\">Continue reading<span class=\"screen-reader-text\">Termine<\/span><\/a><\/p>\n","protected":false},"author":1,"featured_media":0,"parent":0,"menu_order":0,"comment_status":"closed","ping_status":"closed","template":"","meta":{"footnotes":""},"class_list":["post-15","page","type-page","status-publish","hentry"],"yoast_head":"<!-- This site is optimized with the Yoast SEO plugin v27.2 - https:\/\/yoast.com\/product\/yoast-seo-wordpress\/ -->\n<title>Termine - Bl\u00e4serensemble Marktoberdorf<\/title>\n<meta name=\"description\" content=\"Alle kommenden Konzerte und Auftritte des Bl\u00e4serensemble Marktoberdorf im \u00dcberblick.\" \/>\n<meta name=\"robots\" content=\"index, follow, max-snippet:-1, max-image-preview:large, max-video-preview:-1\" \/>\n<link rel=\"canonical\" href=\"https:\/\/blaeserensemble-marktoberdorf.de\/?page_id=15\" \/>\n<meta property=\"og:locale\" content=\"de_DE\" \/>\n<meta property=\"og:type\" content=\"article\" \/>\n<meta property=\"og:title\" content=\"Termine - Bl\u00e4serensemble Marktoberdorf\" \/>\n<meta property=\"og:description\" content=\"Alle kommenden Konzerte und Auftritte des Bl\u00e4serensemble Marktoberdorf im \u00dcberblick.\" \/>\n<meta property=\"og:url\" content=\"https:\/\/blaeserensemble-marktoberdorf.de\/?page_id=15\" \/>\n<meta property=\"og:site_name\" content=\"Bl\u00e4serensemble Marktoberdorf\" \/>\n<meta property=\"article:modified_time\" content=\"2026-03-30T19:57:23+00:00\" \/>\n<meta property=\"og:image\" content=\"https:\/\/blaeserensemble-marktoberdorf.de\/wp-content\/uploads\/2026\/03\/Screenshot-from-2026-03-23-21-22-24.png\" \/>\n\t<meta property=\"og:image:width\" content=\"690\" \/>\n\t<meta property=\"og:image:height\" content=\"972\" \/>\n\t<meta property=\"og:image:type\" content=\"image\/png\" \/>\n<meta name=\"twitter:card\" content=\"summary_large_image\" \/>\n<meta name=\"twitter:label1\" content=\"Gesch\u00e4tzte Lesezeit\" \/>\n\t<meta name=\"twitter:data1\" content=\"1\u00a0Minute\" \/>\n<script type=\"application\/ld+json\" class=\"yoast-schema-graph\">{\"@context\":\"https:\/\/schema.org\",\"@graph\":[{\"@type\":\"WebPage\",\"@id\":\"https:\/\/blaeserensemble-marktoberdorf.de\/?page_id=15\",\"url\":\"https:\/\/blaeserensemble-marktoberdorf.de\/?page_id=15\",\"name\":\"Termine - Bl\u00e4serensemble Marktoberdorf\",\"isPartOf\":{\"@id\":\"https:\/\/blaeserensemble-marktoberdorf.de\/#website\"},\"primaryImageOfPage\":{\"@id\":\"https:\/\/blaeserensemble-marktoberdorf.de\/?page_id=15#primaryimage\"},\"image\":{\"@id\":\"https:\/\/blaeserensemble-marktoberdorf.de\/?page_id=15#primaryimage\"},\"thumbnailUrl\":\"https:\/\/blaeserensemble-marktoberdorf.de\/wp-content\/uploads\/2026\/03\/Screenshot-from-2026-03-23-21-22-24.png\",\"datePublished\":\"2022-06-13T13:25:39+00:00\",\"dateModified\":\"2026-03-30T19:57:23+00:00\",\"description\":\"Alle kommenden Konzerte und Auftritte des Bl\u00e4serensemble Marktoberdorf im \u00dcberblick.\",\"breadcrumb\":{\"@id\":\"https:\/\/blaeserensemble-marktoberdorf.de\/?page_id=15#breadcrumb\"},\"inLanguage\":\"de\",\"potentialAction\":[{\"@type\":\"ReadAction\",\"target\":[\"https:\/\/blaeserensemble-marktoberdorf.de\/?page_id=15\"]}]},{\"@type\":\"ImageObject\",\"inLanguage\":\"de\",\"@id\":\"https:\/\/blaeserensemble-marktoberdorf.de\/?page_id=15#primaryimage\",\"url\":\"https:\/\/blaeserensemble-marktoberdorf.de\/wp-content\/uploads\/2026\/03\/Screenshot-from-2026-03-23-21-22-24.png\",\"contentUrl\":\"https:\/\/blaeserensemble-marktoberdorf.de\/wp-content\/uploads\/2026\/03\/Screenshot-from-2026-03-23-21-22-24.png\",\"width\":690,\"height\":972},{\"@type\":\"BreadcrumbList\",\"@id\":\"https:\/\/blaeserensemble-marktoberdorf.de\/?page_id=15#breadcrumb\",\"itemListElement\":[{\"@type\":\"ListItem\",\"position\":1,\"name\":\"Start\",\"item\":\"https:\/\/blaeserensemble-marktoberdorf.de\/\"},{\"@type\":\"ListItem\",\"position\":2,\"name\":\"Termine\"}]},{\"@type\":\"WebSite\",\"@id\":\"https:\/\/blaeserensemble-marktoberdorf.de\/#website\",\"url\":\"https:\/\/blaeserensemble-marktoberdorf.de\/\",\"name\":\"Bl\u00e4serensemble Marktoberdorf\",\"description\":\"\",\"publisher\":{\"@id\":\"https:\/\/blaeserensemble-marktoberdorf.de\/#organization\"},\"potentialAction\":[{\"@type\":\"SearchAction\",\"target\":{\"@type\":\"EntryPoint\",\"urlTemplate\":\"https:\/\/blaeserensemble-marktoberdorf.de\/?s={search_term_string}\"},\"query-input\":{\"@type\":\"PropertyValueSpecification\",\"valueRequired\":true,\"valueName\":\"search_term_string\"}}],\"inLanguage\":\"de\"},{\"@type\":\"Organization\",\"@id\":\"https:\/\/blaeserensemble-marktoberdorf.de\/#organization\",\"name\":\"Bl\u00e4serensemble Marktoberdorf\",\"url\":\"https:\/\/blaeserensemble-marktoberdorf.de\/\",\"logo\":{\"@type\":\"ImageObject\",\"inLanguage\":\"de\",\"@id\":\"https:\/\/blaeserensemble-marktoberdorf.de\/#\/schema\/logo\/image\/\",\"url\":\"https:\/\/blaeserensemble-marktoberdorf.de\/wp-content\/uploads\/2026\/03\/favicon.png\",\"contentUrl\":\"https:\/\/blaeserensemble-marktoberdorf.de\/wp-content\/uploads\/2026\/03\/favicon.png\",\"width\":512,\"height\":512,\"caption\":\"Bl\u00e4serensemble Marktoberdorf\"},\"image\":{\"@id\":\"https:\/\/blaeserensemble-marktoberdorf.de\/#\/schema\/logo\/image\/\"}}]}<\/script>\n<!-- \/ Yoast SEO plugin. -->","yoast_head_json":{"title":"Termine - Bl\u00e4serensemble Marktoberdorf","description":"Alle kommenden Konzerte und Auftritte des Bl\u00e4serensemble Marktoberdorf im \u00dcberblick.","robots":{"index":"index","follow":"follow","max-snippet":"max-snippet:-1","max-image-preview":"max-image-preview:large","max-video-preview":"max-video-preview:-1"},"canonical":"https:\/\/blaeserensemble-marktoberdorf.de\/?page_id=15","og_locale":"de_DE","og_type":"article","og_title":"Termine - Bl\u00e4serensemble Marktoberdorf","og_description":"Alle kommenden Konzerte und Auftritte des Bl\u00e4serensemble Marktoberdorf im \u00dcberblick.","og_url":"https:\/\/blaeserensemble-marktoberdorf.de\/?page_id=15","og_site_name":"Bl\u00e4serensemble Marktoberdorf","article_modified_time":"2026-03-30T19:57:23+00:00","og_image":[{"width":690,"height":972,"url":"https:\/\/blaeserensemble-marktoberdorf.de\/wp-content\/uploads\/2026\/03\/Screenshot-from-2026-03-23-21-22-24.png","type":"image\/png"}],"twitter_card":"summary_large_image","twitter_misc":{"Gesch\u00e4tzte Lesezeit":"1\u00a0Minute"},"schema":{"@context":"https:\/\/schema.org","@graph":[{"@type":"WebPage","@id":"https:\/\/blaeserensemble-marktoberdorf.de\/?page_id=15","url":"https:\/\/blaeserensemble-marktoberdorf.de\/?page_id=15","name":"Termine - Bl\u00e4serensemble Marktoberdorf","isPartOf":{"@id":"https:\/\/blaeserensemble-marktoberdorf.de\/#website"},"primaryImageOfPage":{"@id":"https:\/\/blaeserensemble-marktoberdorf.de\/?page_id=15#primaryimage"},"image":{"@id":"https:\/\/blaeserensemble-marktoberdorf.de\/?page_id=15#primaryimage"},"thumbnailUrl":"https:\/\/blaeserensemble-marktoberdorf.de\/wp-content\/uploads\/2026\/03\/Screenshot-from-2026-03-23-21-22-24.png","datePublished":"2022-06-13T13:25:39+00:00","dateModified":"2026-03-30T19:57:23+00:00","description":"Alle kommenden Konzerte und Auftritte des Bl\u00e4serensemble Marktoberdorf im \u00dcberblick.","breadcrumb":{"@id":"https:\/\/blaeserensemble-marktoberdorf.de\/?page_id=15#breadcrumb"},"inLanguage":"de","potentialAction":[{"@type":"ReadAction","target":["https:\/\/blaeserensemble-marktoberdorf.de\/?page_id=15"]}]},{"@type":"ImageObject","inLanguage":"de","@id":"https:\/\/blaeserensemble-marktoberdorf.de\/?page_id=15#primaryimage","url":"https:\/\/blaeserensemble-marktoberdorf.de\/wp-content\/uploads\/2026\/03\/Screenshot-from-2026-03-23-21-22-24.png","contentUrl":"https:\/\/blaeserensemble-marktoberdorf.de\/wp-content\/uploads\/2026\/03\/Screenshot-from-2026-03-23-21-22-24.png","width":690,"height":972},{"@type":"BreadcrumbList","@id":"https:\/\/blaeserensemble-marktoberdorf.de\/?page_id=15#breadcrumb","itemListElement":[{"@type":"ListItem","position":1,"name":"Start","item":"https:\/\/blaeserensemble-marktoberdorf.de\/"},{"@type":"ListItem","position":2,"name":"Termine"}]},{"@type":"WebSite","@id":"https:\/\/blaeserensemble-marktoberdorf.de\/#website","url":"https:\/\/blaeserensemble-marktoberdorf.de\/","name":"Bl\u00e4serensemble Marktoberdorf","description":"","publisher":{"@id":"https:\/\/blaeserensemble-marktoberdorf.de\/#organization"},"potentialAction":[{"@type":"SearchAction","target":{"@type":"EntryPoint","urlTemplate":"https:\/\/blaeserensemble-marktoberdorf.de\/?s={search_term_string}"},"query-input":{"@type":"PropertyValueSpecification","valueRequired":true,"valueName":"search_term_string"}}],"inLanguage":"de"},{"@type":"Organization","@id":"https:\/\/blaeserensemble-marktoberdorf.de\/#organization","name":"Bl\u00e4serensemble Marktoberdorf","url":"https:\/\/blaeserensemble-marktoberdorf.de\/","logo":{"@type":"ImageObject","inLanguage":"de","@id":"https:\/\/blaeserensemble-marktoberdorf.de\/#\/schema\/logo\/image\/","url":"https:\/\/blaeserensemble-marktoberdorf.de\/wp-content\/uploads\/2026\/03\/favicon.png","contentUrl":"https:\/\/blaeserensemble-marktoberdorf.de\/wp-content\/uploads\/2026\/03\/favicon.png","width":512,"height":512,"caption":"Bl\u00e4serensemble Marktoberdorf"},"image":{"@id":"https:\/\/blaeserensemble-marktoberdorf.de\/#\/schema\/logo\/image\/"}}]}},"jetpack_sharing_enabled":true,"_links":{"self":[{"href":"https:\/\/blaeserensemble-marktoberdorf.de\/index.php?rest_route=\/wp\/v2\/pages\/15","targetHints":{"allow":["GET"]}}],"collection":[{"href":"https:\/\/blaeserensemble-marktoberdorf.de\/index.php?rest_route=\/wp\/v2\/pages"}],"about":[{"href":"https:\/\/blaeserensemble-marktoberdorf.de\/index.php?rest_route=\/wp\/v2\/types\/page"}],"author":[{"embeddable":true,"href":"https:\/\/blaeserensemble-marktoberdorf.de\/index.php?rest_route=\/wp\/v2\/users\/1"}],"replies":[{"embeddable":true,"href":"https:\/\/blaeserensemble-marktoberdorf.de\/index.php?rest_route=%2Fwp%2Fv2%2Fcomments&post=15"}],"version-history":[{"count":60,"href":"https:\/\/blaeserensemble-marktoberdorf.de\/index.php?rest_route=\/wp\/v2\/pages\/15\/revisions"}],"predecessor-version":[{"id":402,"href":"https:\/\/blaeserensemble-marktoberdorf.de\/index.php?rest_route=\/wp\/v2\/pages\/15\/revisions\/402"}],"wp:attachment":[{"href":"https:\/\/blaeserensemble-marktoberdorf.de\/index.php?rest_route=%2Fwp%2Fv2%2Fmedia&parent=15"}],"curies":[{"name":"wp","href":"https:\/\/api.w.org\/{rel}","templated":true}]}}

<h4 class="wp-block-heading">Unsere nächsten Auftritte</h4>



<p></p>



<hr class="wp-block-separator has-alpha-channel-opacity"/>



<p><strong>Samstag,</strong> <strong>25.04.2026, St. Martin Marktoberdorf, 19:00 Uhr</strong></p>



<p>Benefizkonzert zugunsten dem <strong>Verein für ambulante Krankenpflege Marktoberdorf e.V.</strong> mit dem Vokalensemble Animato und der Organistin <strong>Birgit Brücklmayr</strong></p>



<figure class="wp-block-gallery has-nested-images columns-default is-cropped wp-block-gallery-1 is-layout-flex wp-block-gallery-is-layout-flex">
<figure class="wp-block-image size-full"><img loading="lazy" decoding="async" width="690" height="972" data-id="376" src="https://blaeserensemble-marktoberdorf.de/wp-content/uploads/2026/03/Screenshot-from-2026-03-23-21-22-24.png" alt="" class="wp-image-376" srcset="https://blaeserensemble-marktoberdorf.de/wp-content/uploads/2026/03/Screenshot-from-2026-03-23-21-22-24.png 690w, https://blaeserensemble-marktoberdorf.de/wp-content/uploads/2026/03/Screenshot-from-2026-03-23-21-22-24-213x300.png 213w" sizes="auto, (max-width: 690px) 100vw, 690px" /></figure>
</figure>



<p></p>



<p><strong>Sonntag, 10.05.2026, Rathausplatz Marktoberdorf, 11:00 Uhr</strong></p>



<p>Quintett auf dem Urbanimarkt</p>



<p></p>



<p><strong>Samstag, 20.06.2026, Burgruine Hohenfreyberg, 20:00 Uhr</strong></p>



<p>Serenade zur Sommersonnenwende (gemeinsam mit den Oberminmdeltaler Alphornbläsern)</p>



<p></p>



<p><strong>Mittwoch, 26.07.2026, Haus 28, Hattenhofen, 19:30 Uhr</strong></p>



<p>Serenade auf dem Dorfplatz Hattenhofen</p>



<p></p>

<p>Unsere nächsten Auftritte Samstag, 25.04.2026, St. Martin Marktoberdorf, 19:00 Uhr Benefizkonzert zugunsten dem Verein für ambulante Krankenpflege Marktoberdorf e.V. mit dem Vokalensemble Animato und der Organistin Birgit Brücklmayr Sonntag, 10.05.2026, Rathausplatz</p>
<p class="more-link"><a class="button" href="https://blaeserensemble-marktoberdorf.de/?page_id=15" class="readmore">Continue reading<span class="screen-reader-text">Termine</span></a></p>

<!-- This site is optimized with the Yoast SEO plugin v27.2 - https://yoast.com/product/yoast-seo-wordpress/ -->
<title>Termine - Bläserensemble Marktoberdorf</title>
<meta name="description" content="Alle kommenden Konzerte und Auftritte des Bläserensemble Marktoberdorf im Überblick." />
<meta name="robots" content="index, follow, max-snippet:-1, max-image-preview:large, max-video-preview:-1" />
<link rel="canonical" href="https://blaeserensemble-marktoberdorf.de/?page_id=15" />
<meta property="og:locale" content="de_DE" />
<meta property="og:type" content="article" />
<meta property="og:title" content="Termine - Bläserensemble Marktoberdorf" />
<meta property="og:description" content="Alle kommenden Konzerte und Auftritte des Bläserensemble Marktoberdorf im Überblick." />
<meta property="og:url" content="https://blaeserensemble-marktoberdorf.de/?page_id=15" />
<meta property="og:site_name" content="Bläserensemble Marktoberdorf" />
<meta property="article:modified_time" content="2026-03-30T19:57:23+00:00" />
<meta property="og:image" content="https://blaeserensemble-marktoberdorf.de/wp-content/uploads/2026/03/Screenshot-from-2026-03-23-21-22-24.png" />
	<meta property="og:image:width" content="690" />
	<meta property="og:image:height" content="972" />
	<meta property="og:image:type" content="image/png" />
<meta name="twitter:card" content="summary_large_image" />
<meta name="twitter:label1" content="Geschätzte Lesezeit" />
	<meta name="twitter:data1" content="1 Minute" />
<script type="application/ld+json" class="yoast-schema-graph">{"@context":"https://schema.org","@graph":[{"@type":"WebPage","@id":"https://blaeserensemble-marktoberdorf.de/?page_id=15","url":"https://blaeserensemble-marktoberdorf.de/?page_id=15","name":"Termine - Bläserensemble Marktoberdorf","isPartOf":{"@id":"https://blaeserensemble-marktoberdorf.de/#website"},"primaryImageOfPage":{"@id":"https://blaeserensemble-marktoberdorf.de/?page_id=15#primaryimage"},"image":{"@id":"https://blaeserensemble-marktoberdorf.de/?page_id=15#primaryimage"},"thumbnailUrl":"https://blaeserensemble-marktoberdorf.de/wp-content/uploads/2026/03/Screenshot-from-2026-03-23-21-22-24.png","datePublished":"2022-06-13T13:25:39+00:00","dateModified":"2026-03-30T19:57:23+00:00","description":"Alle kommenden Konzerte und Auftritte des Bläserensemble Marktoberdorf im Überblick.","breadcrumb":{"@id":"https://blaeserensemble-marktoberdorf.de/?page_id=15#breadcrumb"},"inLanguage":"de","potentialAction":[{"@type":"ReadAction","target":["https://blaeserensemble-marktoberdorf.de/?page_id=15"]}]},{"@type":"ImageObject","inLanguage":"de","@id":"https://blaeserensemble-marktoberdorf.de/?page_id=15#primaryimage","url":"https://blaeserensemble-marktoberdorf.de/wp-content/uploads/2026/03/Screenshot-from-2026-03-23-21-22-24.png","contentUrl":"https://blaeserensemble-marktoberdorf.de/wp-content/uploads/2026/03/Screenshot-from-2026-03-23-21-22-24.png","width":690,"height":972},{"@type":"BreadcrumbList","@id":"https://blaeserensemble-marktoberdorf.de/?page_id=15#breadcrumb","itemListElement":[{"@type":"ListItem","position":1,"name":"Start","item":"https://blaeserensemble-marktoberdorf.de/"},{"@type":"ListItem","position":2,"name":"Termine"}]},{"@type":"WebSite","@id":"https://blaeserensemble-marktoberdorf.de/#website","url":"https://blaeserensemble-marktoberdorf.de/","name":"Bläserensemble Marktoberdorf","description":"","publisher":{"@id":"https://blaeserensemble-marktoberdorf.de/#organization"},"potentialAction":[{"@type":"SearchAction","target":{"@type":"EntryPoint","urlTemplate":"https://blaeserensemble-marktoberdorf.de/?s={search_term_string}"},"query-input":{"@type":"PropertyValueSpecification","valueRequired":true,"valueName":"search_term_string"}}],"inLanguage":"de"},{"@type":"Organization","@id":"https://blaeserensemble-marktoberdorf.de/#organization","name":"Bläserensemble Marktoberdorf","url":"https://blaeserensemble-marktoberdorf.de/","logo":{"@type":"ImageObject","inLanguage":"de","@id":"https://blaeserensemble-marktoberdorf.de/#/schema/logo/image/","url":"https://blaeserensemble-marktoberdorf.de/wp-content/uploads/2026/03/favicon.png","contentUrl":"https://blaeserensemble-marktoberdorf.de/wp-content/uploads/2026/03/favicon.png","width":512,"height":512,"caption":"Bläserensemble Marktoberdorf"},"image":{"@id":"https://blaeserensemble-marktoberdorf.de/#/schema/logo/image/"}}]}</script>
<!-- / Yoast SEO plugin. -->

Termine - Bläserensemble Marktoberdorf

Alle kommenden Konzerte und Auftritte des Bläserensemble Marktoberdorf im Überblick.

Bläserensemble Marktoberdorf
